{"id":1495,"date":"2023-08-10T03:32:03","date_gmt":"2023-08-10T02:32:03","guid":{"rendered":"https:\/\/hul2.mendelu.cz\/?page_id=1495"},"modified":"2024-09-17T13:07:31","modified_gmt":"2024-09-17T12:07:31","slug":"6-2","status":"publish","type":"page","link":"https:\/\/hul2.mendelu.cz\/?page_id=1495","title":{"rendered":"6 &#8211; Integrativn\u00ed lesnictv\u00ed"},"content":{"rendered":"\n<p>Odkaz na teorii vztahuj\u00edc\u00ed se k t\u00e9matu: <a href=\"https:\/\/hul2.mendelu.cz\/?page_id=1640\">Integrativn\u00ed lesnictv\u00ed<\/a><\/p>\n\n\n<p>Prezentace ke sta\u017een\u00ed: <a href=\"https:\/\/hul2.mendelu.cz\/wp-content\/uploads\/2023\/11\/6_Integrativni-lesnictvi.pdf\">P\u0159edn\u00e1\u0161ka \u010d. 6 &#8211; Integrativn\u00ed lesnictv\u00ed<\/a><\/p>\n<hr \/>\n<p>Odpov\u011bdi v anket\u00e1ch slou\u017e\u00ed k diskuzi t\u00e9matu p\u0159edn\u00e1\u0161ky.<\/p>\n<p><div id=\"polls-25\" class=\"wp-polls\">\n\t<form id=\"polls_form_25\" class=\"wp-polls-form\" action=\"\/index.php\" method=\"post\">\n\t\t<p style=\"display: none;\"><input type=\"hidden\" id=\"poll_25_nonce\" name=\"wp-polls-nonce\" value=\"7285fcefb9\" \/><\/p>\n\t\t<p style=\"display: none;\"><input type=\"hidden\" name=\"poll_id\" value=\"25\" \/><\/p>\n\t\t<p style=\"text-align: center;\"><strong>M\u00e1 smysl zapojovat prvky ochrany p\u0159\u00edrody do hospod\u00e1\u0159sk\u00e9 \u00fapravy hospod\u00e1\u0159sk\u00e9ho lesa (tzv. integrativn\u00ed lesnictv\u00ed)?<\/strong><\/p><div id=\"polls-25-ans\" class=\"wp-polls-ans\"><ul class=\"wp-polls-ul\">\n\t\t<li><input type=\"radio\" id=\"poll-answer-121\" name=\"poll_25\" value=\"121\" \/> <label for=\"poll-answer-121\">ano, jednozna\u010dn\u011b ano<\/label><\/li>\n\t\t<li><input type=\"radio\" id=\"poll-answer-122\" name=\"poll_25\" value=\"122\" \/> <label for=\"poll-answer-122\">sp\u00ed\u0161e ano<\/label><\/li>\n\t\t<li><input type=\"radio\" id=\"poll-answer-123\" name=\"poll_25\" value=\"123\" \/> <label for=\"poll-answer-123\">n\u011bkdy ano, n\u011bkdy ne (tak n\u011bjak st\u0159edn\u011b)<\/label><\/li>\n\t\t<li><input type=\"radio\" id=\"poll-answer-124\" name=\"poll_25\" value=\"124\" \/> <label for=\"poll-answer-124\">sp\u00ed\u0161e ne<\/label><\/li>\n\t\t<li><input type=\"radio\" id=\"poll-answer-125\" name=\"poll_25\" value=\"125\" \/> <label for=\"poll-answer-125\">nev\u00edm, nikdy jsem to neslyl\u0161el(a)<\/label><\/li>\n\t\t<\/ul><p style=\"text-align: center;\"><input type=\"button\" name=\"vote\" value=\"   Hlasujte   \" class=\"Buttons\" onclick=\"poll_vote(25);\" \/><\/p><p style=\"text-align: center;\"><a href=\"#ViewPollResults\" onclick=\"poll_result(25); return false;\" title=\"Zobrazit v\u00fdsledky t\u00e9to ankety\">Zobrazit v\u00fdsledky<\/a><\/p><\/div>\n\t<\/form>\n<\/div>\n<div id=\"polls-25-loading\" class=\"wp-polls-loading\"><img loading=\"lazy\" decoding=\"async\" src=\"https:\/\/hul2.mendelu.cz\/wp-content\/plugins\/wp-polls\/images\/loading.gif\" width=\"16\" height=\"16\" alt=\"Nahr\u00e1v\u00e1n\u00ed ...\" title=\"Nahr\u00e1v\u00e1n\u00ed ...\" class=\"wp-polls-image\" \/>&nbsp;Nahr\u00e1v\u00e1n\u00ed ...<\/div>\n <div id=\"polls-26\" class=\"wp-polls\">\n\t<form id=\"polls_form_26\" class=\"wp-polls-form\" action=\"\/index.php\" method=\"post\">\n\t\t<p style=\"display: none;\"><input type=\"hidden\" id=\"poll_26_nonce\" name=\"wp-polls-nonce\" value=\"128c307866\" \/><\/p>\n\t\t<p style=\"display: none;\"><input type=\"hidden\" name=\"poll_id\" value=\"26\" \/><\/p>\n\t\t<p style=\"text-align: center;\"><strong>Podporujete ponech\u00e1v\u00e1n\u00ed biotopov\u00fdch strom\u016f v hospod\u00e1\u0159sk\u00e9m lese?<\/strong><\/p><div id=\"polls-26-ans\" class=\"wp-polls-ans\"><ul class=\"wp-polls-ul\">\n\t\t<li><input type=\"radio\" id=\"poll-answer-126\" name=\"poll_26\" value=\"126\" \/> <label for=\"poll-answer-126\">ano, jednozna\u010dn\u011b ano<\/label><\/li>\n\t\t<li><input type=\"radio\" id=\"poll-answer-127\" name=\"poll_26\" value=\"127\" \/> <label for=\"poll-answer-127\">sp\u00ed\u0161e ano<\/label><\/li>\n\t\t<li><input type=\"radio\" id=\"poll-answer-128\" name=\"poll_26\" value=\"128\" \/> <label for=\"poll-answer-128\">asi jak kde, podle situace<\/label><\/li>\n\t\t<li><input type=\"radio\" id=\"poll-answer-129\" name=\"poll_26\" value=\"129\" \/> <label for=\"poll-answer-129\">sp\u00ed\u0161e ne<\/label><\/li>\n\t\t<li><input type=\"radio\" id=\"poll-answer-130\" name=\"poll_26\" value=\"130\" \/> <label for=\"poll-answer-130\">nev\u00edm, nep\u0159em\u00fd\u0161lel(a) jsem o tom<\/label><\/li>\n\t\t<\/ul><p style=\"text-align: center;\"><input type=\"button\" name=\"vote\" value=\"   Hlasujte   \" class=\"Buttons\" onclick=\"poll_vote(26);\" \/><\/p><p style=\"text-align: center;\"><a href=\"#ViewPollResults\" onclick=\"poll_result(26); return false;\" title=\"Zobrazit v\u00fdsledky t\u00e9to ankety\">Zobrazit v\u00fdsledky<\/a><\/p><\/div>\n\t<\/form>\n<\/div>\n<div id=\"polls-26-loading\" class=\"wp-polls-loading\"><img loading=\"lazy\" decoding=\"async\" src=\"https:\/\/hul2.mendelu.cz\/wp-content\/plugins\/wp-polls\/images\/loading.gif\" width=\"16\" height=\"16\" alt=\"Nahr\u00e1v\u00e1n\u00ed ...\" title=\"Nahr\u00e1v\u00e1n\u00ed ...\" class=\"wp-polls-image\" \/>&nbsp;Nahr\u00e1v\u00e1n\u00ed ...<\/div>\n <div id=\"polls-27\" class=\"wp-polls\">\n\t<form id=\"polls_form_27\" class=\"wp-polls-form\" action=\"\/index.php\" method=\"post\">\n\t\t<p style=\"display: none;\"><input type=\"hidden\" id=\"poll_27_nonce\" name=\"wp-polls-nonce\" value=\"4cff9dce06\" \/><\/p>\n\t\t<p style=\"display: none;\"><input type=\"hidden\" name=\"poll_id\" value=\"27\" \/><\/p>\n\t\t<p style=\"text-align: center;\"><strong>D\u00e1v\u00e1 smysl ponech\u00e1vat d\u0159evo v rozkladu (mrtv\u00e9 d\u0159evo) v hospod\u00e1\u0159sk\u00e9m lese?<\/strong><\/p><div id=\"polls-27-ans\" class=\"wp-polls-ans\"><ul class=\"wp-polls-ul\">\n\t\t<li><input type=\"radio\" id=\"poll-answer-131\" name=\"poll_27\" value=\"131\" \/> <label for=\"poll-answer-131\">ano, jednozna\u010dn\u011b ano<\/label><\/li>\n\t\t<li><input type=\"radio\" id=\"poll-answer-132\" name=\"poll_27\" value=\"132\" \/> <label for=\"poll-answer-132\">sp\u00ed\u0161e ano<\/label><\/li>\n\t\t<li><input type=\"radio\" id=\"poll-answer-133\" name=\"poll_27\" value=\"133\" \/> <label for=\"poll-answer-133\">n\u011bkdy ano, n\u011bkdy ne (jak kde)<\/label><\/li>\n\t\t<li><input type=\"radio\" id=\"poll-answer-134\" name=\"poll_27\" value=\"134\" \/> <label for=\"poll-answer-134\">sp\u00ed\u0161e ne<\/label><\/li>\n\t\t<li><input type=\"radio\" id=\"poll-answer-135\" name=\"poll_27\" value=\"135\" \/> <label for=\"poll-answer-135\">nev\u00edm, nep\u0159em\u00fd\u0161lel(a) jsem o tom<\/label><\/li>\n\t\t<\/ul><p style=\"text-align: center;\"><input type=\"button\" name=\"vote\" value=\"   Hlasujte   \" class=\"Buttons\" onclick=\"poll_vote(27);\" \/><\/p><p style=\"text-align: center;\"><a href=\"#ViewPollResults\" onclick=\"poll_result(27); return false;\" title=\"Zobrazit v\u00fdsledky t\u00e9to ankety\">Zobrazit v\u00fdsledky<\/a><\/p><\/div>\n\t<\/form>\n<\/div>\n<div id=\"polls-27-loading\" class=\"wp-polls-loading\"><img loading=\"lazy\" decoding=\"async\" src=\"https:\/\/hul2.mendelu.cz\/wp-content\/plugins\/wp-polls\/images\/loading.gif\" width=\"16\" height=\"16\" alt=\"Nahr\u00e1v\u00e1n\u00ed ...\" title=\"Nahr\u00e1v\u00e1n\u00ed ...\" class=\"wp-polls-image\" \/>&nbsp;Nahr\u00e1v\u00e1n\u00ed ...<\/div>\n<\/p>\n\n\n<p>Dosavadn\u00ed v\u00fdsledky hlasov\u00e1n\u00ed: <a href=\"https:\/\/hul2.mendelu.cz\/wp-content\/uploads\/2024\/09\/anketa6_16-09-2024.png\" target=\"_blank\" rel=\"noreferrer noopener\">16-09-2024<\/a><\/p>\n","protected":false},"excerpt":{"rendered":"<p>Odkaz na teorii vztahuj\u00edc\u00ed se k t\u00e9matu: Integrativn\u00ed lesnictv\u00ed Prezentace ke sta\u017een\u00ed: P\u0159edn\u00e1\u0161ka \u010d. 6 &#8211; Integrativn\u00ed lesnictv\u00ed Odpov\u011bdi v anket\u00e1ch slou\u017e\u00ed k diskuzi t\u00e9matu p\u0159edn\u00e1\u0161ky. Dosavadn\u00ed v\u00fdsledky hlasov\u00e1n\u00ed: 16-09-2024<\/p>\n","protected":false},"author":4,"featured_media":0,"parent":35,"menu_order":0,"comment_status":"closed","ping_status":"closed","template":"","meta":{"zakra_page_container_layout":"customizer","zakra_page_sidebar_layout":"customizer","zakra_remove_content_margin":false,"zakra_sidebar":"customizer","zakra_transparent_header":"customizer","zakra_logo":0,"zakra_main_header_style":"default","zakra_menu_item_color":"","zakra_menu_item_hover_color":"","zakra_menu_item_active_color":"","zakra_menu_active_style":"","zakra_page_header":true,"footnotes":""},"class_list":["post-1495","page","type-page","status-publish","hentry"],"_links":{"self":[{"href":"https:\/\/hul2.mendelu.cz\/index.php?rest_route=\/wp\/v2\/pages\/1495","targetHints":{"allow":["GET"]}}],"collection":[{"href":"https:\/\/hul2.mendelu.cz\/index.php?rest_route=\/wp\/v2\/pages"}],"about":[{"href":"https:\/\/hul2.mendelu.cz\/index.php?rest_route=\/wp\/v2\/types\/page"}],"author":[{"embeddable":true,"href":"https:\/\/hul2.mendelu.cz\/index.php?rest_route=\/wp\/v2\/users\/4"}],"replies":[{"embeddable":true,"href":"https:\/\/hul2.mendelu.cz\/index.php?rest_route=%2Fwp%2Fv2%2Fcomments&post=1495"}],"version-history":[{"count":9,"href":"https:\/\/hul2.mendelu.cz\/index.php?rest_route=\/wp\/v2\/pages\/1495\/revisions"}],"predecessor-version":[{"id":2850,"href":"https:\/\/hul2.mendelu.cz\/index.php?rest_route=\/wp\/v2\/pages\/1495\/revisions\/2850"}],"up":[{"embeddable":true,"href":"https:\/\/hul2.mendelu.cz\/index.php?rest_route=\/wp\/v2\/pages\/35"}],"wp:attachment":[{"href":"https:\/\/hul2.mendelu.cz\/index.php?rest_route=%2Fwp%2Fv2%2Fmedia&parent=1495"}],"curies":[{"name":"wp","href":"https:\/\/api.w.org\/{rel}","templated":true}]}}