{"id":1692,"date":"2023-08-15T09:22:53","date_gmt":"2023-08-15T08:22:53","guid":{"rendered":"https:\/\/hul2.mendelu.cz\/?page_id=1692"},"modified":"2023-08-19T08:59:50","modified_gmt":"2023-08-19T07:59:50","slug":"system-triad-vcetne-biologickeho-dedictvi-rozdeleni-krajiny-do-tri-typu-managementu","status":"publish","type":"page","link":"https:\/\/hul2.mendelu.cz\/?page_id=1692","title":{"rendered":"Syst\u00e9m TRIAD (v\u010detn\u011b biologick\u00e9ho d\u011bdictv\u00ed) \u2013 rozd\u011blen\u00ed krajiny do t\u0159\u00ed typ\u016f managementu"},"content":{"rendered":"\n<p>Obsah str\u00e1nky je p\u0159ekladem vybran\u00fdch \u010d\u00e1st\u00ed kapitoly, kter\u00e1 je uvedena v n\u00e1sleduj\u00edc\u00edcm origin\u00e1ln\u00edm zdroji, publikaci: <em><a href=\"https:\/\/hul2.mendelu.cz\/wp-content\/uploads\/2023\/08\/Ekologie-lesa_kniha.pdf\">Ekologie lesa<\/a><\/em>. Doporu\u010den\u00e1 citace: Rotter, P., &amp; Purchart, L. (2023). <em>Ekologie lesa<\/em>. Mendelova univerzita v Brn\u011b. https:\/\/doi.org\/10.11118\/978-80-7509-927-3.<\/p>\n<hr \/>\n<p>Biologick\u00e9 d\u011bdictv\u00ed, kter\u00e9 z\u016fst\u00e1v\u00e1 v ekosyst\u00e9mu po odezn\u011bn\u00ed disturbance, je velmi d\u016fle\u017eit\u00e9 pro n\u00e1slednou obnovu ekosyst\u00e9mu po disturbanci. K fungov\u00e1n\u00ed je nezbytn\u00e1 s\u00ed\u0165 velk\u00fdch rezervac\u00ed, jako\u017e i vytvo\u0159en\u00ed tzv. mikrorezervac\u00ed v porostech, kter\u00e9 zvy\u0161uj\u00ed rezilienci lesn\u00edch ekosyst\u00e9m\u016f a podporuj\u00ed zm\u00edn\u011bn\u00e9 velk\u00e9 rezervace. S\u00edt\u00ed mikrorezervac\u00ed se rozv\u00edj\u00ed r\u016fznorodost struktury les\u016f a dostupnost mikrohabitat\u016f. Zm\u00edn\u011bnou mikrorezervaci m\u016f\u017eeme vn\u00edmat na \u00farovni jednotliv\u00e9ho habitatov\u00e9ho stromu, skupiny strom\u016f, ale i cel\u00e9ho porostu.<\/p>\n<p>Syst\u00e9m TRIAD je zalo\u017een na promy\u0161len\u00e9m rozd\u011blen\u00ed krajiny do t\u0159\u00ed typ\u016f managementu: a) intenzivn\u00ed (produk\u010dn\u00ed) hospoda\u0159en\u00ed, b) ekologick\u00e9 (integrativn\u00ed, p\u0159\u00edrod\u011b bl\u00edzk\u00e9) hospoda\u0159en\u00ed a c) neobhospoda\u0159ovan\u00e9 (bezz\u00e1sahov\u00e9) lesy pro rozvoj pln\u011b p\u0159\u00edrodn\u00edho prost\u0159ed\u00ed.<\/p>\n<p><img decoding=\"async\" src=\"https:\/\/hul2.mendelu.cz\/wp-content\/uploads\/2023\/08\/Screenshot-2023-08-16-at-19-47-54-Larsen-a-kol_kniha_EFI_fstp_12_2022-2.pdf.png\" \/><\/p>\n<p><strong>Obr\u00e1zek<\/strong>: Segregace a integrace krajiny \u2013 kontinuum (upraveno podle Larsen, 2009).<\/p>\n<p>Pojem \u201etriad &#8211; tri\u00e1da\u201c v lesnictv\u00ed ozna\u010duje re\u017eim hospoda\u0159en\u00ed v krajin\u011b slo\u017een\u00fd ze t\u0159\u00ed \u010d\u00e1st\u00ed: (1) intenzivn\u00ed obhospoda\u0159ov\u00e1n\u00ed plant\u00e1\u017e\u00ed, (2) ekologick\u00e9 lesn\u00ed rezervace a (3) matice les\u016f obhospoda\u0159ovan\u00fdch pro v\u00edce\u00fa\u010delov\u00e9 vyu\u017eit\u00ed podle princip\u016f ekologick\u00e9ho lesnictv\u00ed. Obr\u00e1zek ukazuje pouze principy komplementarity mezi segregativn\u00edm a integrativn\u00edm \u0159\u00edzen\u00edm. Zn\u00e1zorn\u011bn\u00e9 profilov\u00e9 diagramy lesn\u00edch typ\u016f se vztahuj\u00ed ke st\u0159edoevropsk\u00fdm podm\u00ednk\u00e1m, pro jin\u00e9 biomy by bylo pot\u0159eba jin\u00e9 zn\u00e1zorn\u011bn\u00ed. (p\u0159evzato z publikace <a href=\"https:\/\/hul2.mendelu.cz\/wp-content\/uploads\/2023\/08\/Larsen-a-kol_kniha_EFI_fstp_12_2022.pdf\">Closer-to-Nature Forest Management<\/a>.<\/p>\n<p><strong>Citovan\u00e1 literatura<\/strong><\/p>\n<ul style=\"list-style-type: circle;\">\n<li>Larsen, J.B., 2009: Forestry between land use intensification and sustainable development: Improving landscape functions with forests and trees. Danish Journal of Geography 109: 191-195.<\/li>\n<\/ul>\n","protected":false},"excerpt":{"rendered":"<p>Obsah str\u00e1nky je p\u0159ekladem vybran\u00fdch \u010d\u00e1st\u00ed kapitoly, kter\u00e1 je uvedena v n\u00e1sleduj\u00edc\u00edcm origin\u00e1ln\u00edm zdroji, publikaci: Ekologie lesa. Doporu\u010den\u00e1 citace: Rotter, P., &amp; Purchart, L. (2023). Ekologie lesa. Mendelova univerzita v Brn\u011b. https:\/\/doi.org\/10.11118\/978-80-7509-927-3. Biologick\u00e9 d\u011bdictv\u00ed, kter\u00e9 z\u016fst\u00e1v\u00e1 v ekosyst\u00e9mu po odezn\u011bn\u00ed disturbance, je velmi d\u016fle\u017eit\u00e9 pro n\u00e1slednou obnovu ekosyst\u00e9mu po disturbanci. K fungov\u00e1n\u00ed je nezbytn\u00e1 s\u00ed\u0165 [&hellip;]<\/p>\n","protected":false},"author":4,"featured_media":0,"parent":1666,"menu_order":0,"comment_status":"closed","ping_status":"closed","template":"","meta":{"zakra_page_container_layout":"customizer","zakra_page_sidebar_layout":"customizer","zakra_remove_content_margin":false,"zakra_sidebar":"customizer","zakra_transparent_header":"customizer","zakra_logo":0,"zakra_main_header_style":"default","zakra_menu_item_color":"","zakra_menu_item_hover_color":"","zakra_menu_item_active_color":"","zakra_menu_active_style":"","zakra_page_header":true,"footnotes":""},"class_list":["post-1692","page","type-page","status-publish","hentry"],"_links":{"self":[{"href":"https:\/\/hul2.mendelu.cz\/index.php?rest_route=\/wp\/v2\/pages\/1692","targetHints":{"allow":["GET"]}}],"collection":[{"href":"https:\/\/hul2.mendelu.cz\/index.php?rest_route=\/wp\/v2\/pages"}],"about":[{"href":"https:\/\/hul2.mendelu.cz\/index.php?rest_route=\/wp\/v2\/types\/page"}],"author":[{"embeddable":true,"href":"https:\/\/hul2.mendelu.cz\/index.php?rest_route=\/wp\/v2\/users\/4"}],"replies":[{"embeddable":true,"href":"https:\/\/hul2.mendelu.cz\/index.php?rest_route=%2Fwp%2Fv2%2Fcomments&post=1692"}],"version-history":[{"count":5,"href":"https:\/\/hul2.mendelu.cz\/index.php?rest_route=\/wp\/v2\/pages\/1692\/revisions"}],"predecessor-version":[{"id":2212,"href":"https:\/\/hul2.mendelu.cz\/index.php?rest_route=\/wp\/v2\/pages\/1692\/revisions\/2212"}],"up":[{"embeddable":true,"href":"https:\/\/hul2.mendelu.cz\/index.php?rest_route=\/wp\/v2\/pages\/1666"}],"wp:attachment":[{"href":"https:\/\/hul2.mendelu.cz\/index.php?rest_route=%2Fwp%2Fv2%2Fmedia&parent=1692"}],"curies":[{"name":"wp","href":"https:\/\/api.w.org\/{rel}","templated":true}]}}