{"id":2083,"date":"2023-08-18T10:42:21","date_gmt":"2023-08-18T09:42:21","guid":{"rendered":"https:\/\/hul2.mendelu.cz\/?page_id=2083"},"modified":"2023-08-19T08:03:38","modified_gmt":"2023-08-19T07:03:38","slug":"priklady-dobre-praxe-prirode-blizsiho-hospodareni-v-lesich-na-urovni-lesniho-majetku-a-krajiny","status":"publish","type":"page","link":"https:\/\/hul2.mendelu.cz\/?page_id=2083","title":{"rendered":"P\u0159\u00edklady dobr\u00e9 praxe &#8222;p\u0159\u00edrod\u011b bli\u017e\u0161\u00edho hospoda\u0159en\u00ed&#8220; v les\u00edch na \u00farovni lesn\u00edho majetku a krajiny"},"content":{"rendered":"\n<p>Obsah str\u00e1nky je p\u0159ekladem vybran\u00fdch \u010d\u00e1st\u00ed kapitoly, kter\u00e1 je uvedena v n\u00e1sleduj\u00edc\u00edcm origin\u00e1ln\u00edm zdroji, publikaci: <a href=\"https:\/\/hul2.mendelu.cz\/wp-content\/uploads\/2023\/08\/Krumm-2020-How_to_balance_forestry_and-published_version-1.pdf\"><em>How to balance forestry and biodiversity conservation\u202f? A view across Europe<\/em><\/a>. Doporu\u010den\u00e1 citace: Krumm, F.; Schuck, A.; Rigling, A. (eds), 2020: How to balance forestry and biodiversity conservation \u2013 A view across Europe. European Forest Institute (EFI); Swiss Federal Institute for Forest, Snow and Landscape Research (WSL), Birmensdorf. 640 p.<\/p>\n<hr \/>\n<p>\u00a0S\u00ed\u0165 <a href=\"https:\/\/integratenetwork.org\/\">European Integrate Network<\/a> vytvo\u0159ila soubor 32 p\u0159\u00edklad\u016f dobr\u00e9 praxe, v\u010detn\u011b lesn\u00edch podnik\u016f, vlastn\u00edk\u016f les\u016f a region\u00e1ln\u00edch iniciativ od m\u00edstn\u00ed a\u017e po krajinnou \u00farove\u0148 v cel\u00e9 Evrop\u011b. Ukazuj\u00ed, jak lze biologickou rozmanitost podporovat a kombinovat s managementem pro dal\u0161\u00ed po\u017eadovan\u00e9 ekosyst\u00e9mov\u00e9 slu\u017eby, jako je produkce d\u0159eva, ochrana p\u0159ed p\u0159\u00edrodn\u00edmi riziky a rekreace (<a href=\"https:\/\/hul2.mendelu.cz\/wp-content\/uploads\/2023\/08\/Krumm-2020-How_to_balance_forestry_and-published_version-1.pdf\">Krumm et al. 2020<\/a>). Vybran\u00e9 podniky demonstruj\u00ed, jak lze do ur\u010dit\u00e9 m\u00edry zachovat tradi\u010dn\u00ed lesn\u00ed hospod\u00e1\u0159stv\u00ed se zam\u011b\u0159en\u00edm na produkci d\u0159eva a d\u00e1le jej rozv\u00edjet za \u00fa\u010delem podpory zachov\u00e1n\u00ed biodiverzity. Je z\u0159ejm\u00e9, \u017ee p\u0159ijet\u00ed region\u00e1ln\u00edch kulturn\u00edch rozd\u00edl\u016f je kl\u00ed\u010dov\u00e9 pro udr\u017een\u00ed m\u00edstn\u00edch hodnotov\u00fdch \u0159et\u011bzc\u016f a z\u00e1rove\u0148 pro podporu zachov\u00e1n\u00ed biodiverzity.<\/p>\n\n\n\n<p>Na za\u010d\u00e1tku ka\u017ed\u00e9 kapitoly \u201epavou\u010d\u00ed graf\u201c (obr. 1) ukazuje v\u00fdsledek odhadu &#8211; portfolio r\u016fzn\u00fdch statk\u016f a slu\u017eeb pro ka\u017edou p\u0159\u00edpadovou studii p\u0159\u00edkladu dobr\u00e9 praxe. Tyto grafy poskytuj\u00ed velmi hrub\u00fd p\u0159ehled priorit managementu lesn\u00edho majetku na z\u00e1klad\u011b odhad\u016f autor\u016f. <\/p>\n\n\n\n<figure class=\"wp-block-image aligncenter size-full\"><a href=\"https:\/\/hul2.mendelu.cz\/wp-content\/uploads\/2023\/08\/obrazek-1.png\"><img loading=\"lazy\" decoding=\"async\" width=\"598\" height=\"367\" src=\"https:\/\/hul2.mendelu.cz\/wp-content\/uploads\/2023\/08\/obrazek-1.png\" alt=\"\" class=\"wp-image-2090\" srcset=\"https:\/\/hul2.mendelu.cz\/wp-content\/uploads\/2023\/08\/obrazek-1.png 598w, https:\/\/hul2.mendelu.cz\/wp-content\/uploads\/2023\/08\/obrazek-1-300x184.png 300w\" sizes=\"auto, (max-width: 598px) 100vw, 598px\" \/><\/a><\/figure>\n\n\n\n<p><strong>Obr.<\/strong> 1: Relativn\u00ed investice pracovn\u00ed s\u00edly a financ\u00ed podniku do r\u016fzn\u00fdch statk\u016f a slu\u017eeb. Ka\u017ed\u00fd \u0159\u00e1dek odpov\u00edd\u00e1 zv\u00fd\u0161en\u00ed o 20 %, od 0 do 80 %.<\/p>\n\n\n\n<figure class=\"wp-block-image size-large\"><a href=\"https:\/\/hul2.mendelu.cz\/wp-content\/uploads\/2023\/08\/obrazek-2.png\"><img loading=\"lazy\" decoding=\"async\" width=\"757\" height=\"1024\" src=\"https:\/\/hul2.mendelu.cz\/wp-content\/uploads\/2023\/08\/obrazek-2-757x1024.png\" alt=\"\" class=\"wp-image-2095\" srcset=\"https:\/\/hul2.mendelu.cz\/wp-content\/uploads\/2023\/08\/obrazek-2-757x1024.png 757w, https:\/\/hul2.mendelu.cz\/wp-content\/uploads\/2023\/08\/obrazek-2-222x300.png 222w, https:\/\/hul2.mendelu.cz\/wp-content\/uploads\/2023\/08\/obrazek-2-768x1039.png 768w, https:\/\/hul2.mendelu.cz\/wp-content\/uploads\/2023\/08\/obrazek-2.png 892w\" sizes=\"auto, (max-width: 757px) 100vw, 757px\" \/><\/a><\/figure>\n\n\n\n<figure class=\"wp-block-image size-large\"><a href=\"https:\/\/hul2.mendelu.cz\/wp-content\/uploads\/2023\/08\/obrazek-3.png\"><img loading=\"lazy\" decoding=\"async\" width=\"761\" height=\"1024\" src=\"https:\/\/hul2.mendelu.cz\/wp-content\/uploads\/2023\/08\/obrazek-3-761x1024.png\" alt=\"\" class=\"wp-image-2097\" srcset=\"https:\/\/hul2.mendelu.cz\/wp-content\/uploads\/2023\/08\/obrazek-3-761x1024.png 761w, https:\/\/hul2.mendelu.cz\/wp-content\/uploads\/2023\/08\/obrazek-3-223x300.png 223w, https:\/\/hul2.mendelu.cz\/wp-content\/uploads\/2023\/08\/obrazek-3-768x1033.png 768w, https:\/\/hul2.mendelu.cz\/wp-content\/uploads\/2023\/08\/obrazek-3.png 921w\" sizes=\"auto, (max-width: 761px) 100vw, 761px\" \/><\/a><\/figure>\n\n\n\n<p><span style=\"text-decoration: underline;\">Pozn\u00e1mka<\/span>: Za zm\u00ednku na tomto m\u00edst\u011b jist\u011b stoj\u00ed fakt, \u017ee k podobn\u00e9mu \u00fa\u010delu mohou (by mohly) slou\u017eit i demonstra\u010dn\u00ed objekty pro \u010cR uv\u00e1d\u011bn\u00e9 a spravovan\u00e9 \u00dastavem pro hospod\u00e1\u0159skou \u00fapravu les\u016f (<a href=\"https:\/\/www.uhul.cz\/portfolio\/demonstracni-objekty\/\">\u00daH\u00daL<\/a>). Bohu\u017eel v\u00fd\u0161e uveden\u00e9 \u010dlen\u011bn\u00ed investic do r\u016fzn\u00fdch statk\u016f a slu\u017eeb jim (zat\u00edm) chyb\u00ed. <\/p>\n<p><strong>Citovan\u00e1 literatura<\/strong><\/p>\n<p>Citovan\u00e1 literatura je uvedena v origin\u00e1ln\u00edm zdroji, publikaci <a href=\"https:\/\/hul2.mendelu.cz\/wp-content\/uploads\/2023\/08\/Krumm-2020-How_to_balance_forestry_and-published_version-1.pdf\"><em>How to balance forestry and biodiversity conservation\u202f? A view across Europe<\/em><\/a>. <\/p>\n","protected":false},"excerpt":{"rendered":"<p>Obsah str\u00e1nky je p\u0159ekladem vybran\u00fdch \u010d\u00e1st\u00ed kapitoly, kter\u00e1 je uvedena v n\u00e1sleduj\u00edc\u00edcm origin\u00e1ln\u00edm zdroji, publikaci: How to balance forestry and biodiversity conservation\u202f? A view across Europe. Doporu\u010den\u00e1 citace: Krumm, F.; Schuck, A.; Rigling, A. (eds), 2020: How to balance forestry and biodiversity conservation \u2013 A view across Europe. European Forest Institute (EFI); Swiss Federal Institute [&hellip;]<\/p>\n","protected":false},"author":4,"featured_media":0,"parent":2034,"menu_order":0,"comment_status":"closed","ping_status":"closed","template":"","meta":{"zakra_page_container_layout":"customizer","zakra_page_sidebar_layout":"customizer","zakra_remove_content_margin":false,"zakra_sidebar":"customizer","zakra_transparent_header":"customizer","zakra_logo":0,"zakra_main_header_style":"default","zakra_menu_item_color":"","zakra_menu_item_hover_color":"","zakra_menu_item_active_color":"","zakra_menu_active_style":"","zakra_page_header":true,"footnotes":""},"class_list":["post-2083","page","type-page","status-publish","hentry"],"_links":{"self":[{"href":"https:\/\/hul2.mendelu.cz\/index.php?rest_route=\/wp\/v2\/pages\/2083","targetHints":{"allow":["GET"]}}],"collection":[{"href":"https:\/\/hul2.mendelu.cz\/index.php?rest_route=\/wp\/v2\/pages"}],"about":[{"href":"https:\/\/hul2.mendelu.cz\/index.php?rest_route=\/wp\/v2\/types\/page"}],"author":[{"embeddable":true,"href":"https:\/\/hul2.mendelu.cz\/index.php?rest_route=\/wp\/v2\/users\/4"}],"replies":[{"embeddable":true,"href":"https:\/\/hul2.mendelu.cz\/index.php?rest_route=%2Fwp%2Fv2%2Fcomments&post=2083"}],"version-history":[{"count":9,"href":"https:\/\/hul2.mendelu.cz\/index.php?rest_route=\/wp\/v2\/pages\/2083\/revisions"}],"predecessor-version":[{"id":2182,"href":"https:\/\/hul2.mendelu.cz\/index.php?rest_route=\/wp\/v2\/pages\/2083\/revisions\/2182"}],"up":[{"embeddable":true,"href":"https:\/\/hul2.mendelu.cz\/index.php?rest_route=\/wp\/v2\/pages\/2034"}],"wp:attachment":[{"href":"https:\/\/hul2.mendelu.cz\/index.php?rest_route=%2Fwp%2Fv2%2Fmedia&parent=2083"}],"curies":[{"name":"wp","href":"https:\/\/api.w.org\/{rel}","templated":true}]}}