{"id":225,"date":"2020-05-20T01:14:15","date_gmt":"2020-05-20T00:14:15","guid":{"rendered":"http:\/\/hul2.mendelu.cz\/?page_id=225"},"modified":"2023-08-25T00:41:16","modified_gmt":"2023-08-24T23:41:16","slug":"literatura","status":"publish","type":"page","link":"https:\/\/hul2.mendelu.cz\/?page_id=225","title":{"rendered":"Literatura"},"content":{"rendered":"<p><strong>Doporu\u010den\u00e1 literatura <\/strong>(ke sta\u017een\u00ed a studiu)<\/p>\n<ul style=\"list-style-type: circle;\">\n<li>Kraus, D., &amp; Krumm, F. (2013). <a href=\"https:\/\/hul2.mendelu.cz\/wp-content\/uploads\/2023\/08\/integrate_book_2013.pdf\"><em>Integrative approaches as an opportunity for the conservation of forest biodiversity<\/em><\/a> (D. Kraus &amp; F. Krumm, Eds.). European Forest Institute.<\/li>\n<li>Krumm, F., Schuck, A., Rigling, A., &amp; (eds). (2020). <a href=\"https:\/\/hul2.mendelu.cz\/wp-content\/uploads\/2023\/08\/Krumm-2020-How_to_balance_forestry_and-published_version-1.pdf\"><em>How to balance forestry and biodiversity conservation\u202f? A view across Europe<\/em><\/a>. European Forest Institute (EFI); Swiss Federal Institute for Forest, Snow and Landscape Research (WSL), Birmensdorf. https:\/\/doi.org\/10.16904\/envidat.196.<\/li>\n<li>Larsen, J. B., Angelstam, P., Bauhus, J., Carvalho, J. F., Diaci, J., Dobrowolska, D., Gazda, A., Gustafsson, L., Krumm, F., Knoke, T., Konczal, A., Kuuluvainen, T., Mason, B., Motta, R., P\u00f6tzelsberger, E., Rigling, A., &amp; Schuck, A. (2022). <a href=\"https:\/\/hul2.mendelu.cz\/wp-content\/uploads\/2023\/08\/Larsen-a-kol_kniha_EFI_fstp_12_2022.pdf\"><em>Closer-to-Nature Forest Management<\/em><\/a>. https:\/\/doi.org\/10.36333\/fs12.<\/li>\n<li>Rotter, P., &amp; Purchart, L. (2023). <em><a href=\"https:\/\/hul2.mendelu.cz\/wp-content\/uploads\/2023\/08\/Ekologie-lesa_kniha.pdf\">Ekologie lesa<\/a><\/em>. Mendelova univerzita v Brn\u011b. https:\/\/doi.org\/10.11118\/978-80-7509-927-3.<\/li>\n<\/ul>\n","protected":false},"excerpt":{"rendered":"<p>Doporu\u010den\u00e1 literatura (ke sta\u017een\u00ed a studiu) Kraus, D., &amp; Krumm, F. (2013). Integrative approaches as an opportunity for the conservation of forest biodiversity (D. Kraus &amp; F. Krumm, Eds.). European Forest Institute. Krumm, F., Schuck, A., Rigling, A., &amp; (eds). (2020). How to balance forestry and biodiversity conservation\u202f? A view across Europe. European Forest Institute [&hellip;]<\/p>\n","protected":false},"author":4,"featured_media":0,"parent":0,"menu_order":8,"comment_status":"closed","ping_status":"closed","template":"","meta":{"zakra_page_container_layout":"customizer","zakra_page_sidebar_layout":"customizer","zakra_remove_content_margin":false,"zakra_sidebar":"customizer","zakra_transparent_header":"customizer","zakra_logo":0,"zakra_main_header_style":"default","zakra_menu_item_color":"","zakra_menu_item_hover_color":"","zakra_menu_item_active_color":"","zakra_menu_active_style":"","zakra_page_header":true,"footnotes":""},"class_list":["post-225","page","type-page","status-publish","hentry"],"_links":{"self":[{"href":"https:\/\/hul2.mendelu.cz\/index.php?rest_route=\/wp\/v2\/pages\/225","targetHints":{"allow":["GET"]}}],"collection":[{"href":"https:\/\/hul2.mendelu.cz\/index.php?rest_route=\/wp\/v2\/pages"}],"about":[{"href":"https:\/\/hul2.mendelu.cz\/index.php?rest_route=\/wp\/v2\/types\/page"}],"author":[{"embeddable":true,"href":"https:\/\/hul2.mendelu.cz\/index.php?rest_route=\/wp\/v2\/users\/4"}],"replies":[{"embeddable":true,"href":"https:\/\/hul2.mendelu.cz\/index.php?rest_route=%2Fwp%2Fv2%2Fcomments&post=225"}],"version-history":[{"count":131,"href":"https:\/\/hul2.mendelu.cz\/index.php?rest_route=\/wp\/v2\/pages\/225\/revisions"}],"predecessor-version":[{"id":2324,"href":"https:\/\/hul2.mendelu.cz\/index.php?rest_route=\/wp\/v2\/pages\/225\/revisions\/2324"}],"wp:attachment":[{"href":"https:\/\/hul2.mendelu.cz\/index.php?rest_route=%2Fwp%2Fv2%2Fmedia&parent=225"}],"curies":[{"name":"wp","href":"https:\/\/api.w.org\/{rel}","templated":true}]}}