{"id":227,"date":"2020-05-20T01:12:55","date_gmt":"2020-05-20T00:12:55","guid":{"rendered":"http:\/\/hul2.mendelu.cz\/?page_id=227"},"modified":"2023-09-18T11:56:56","modified_gmt":"2023-09-18T10:56:56","slug":"kontakty","status":"publish","type":"page","link":"https:\/\/hul2.mendelu.cz\/?page_id=227","title":{"rendered":"Kontakty"},"content":{"rendered":"<div align=\"left\">\n<h3>E &#8211; maily na va\u0161e vyu\u010duj\u00edc\u00ed:<\/h3>\n<\/div>\n<div align=\"left\"><\/div>\n<div align=\"left\">\n<ul>\n<li>Doc. Dr. Ing. Jan Kadav\u00fd\u00a0 &#8211; <a href=\"mailto:jan.kadavy@mendelu.cz\">jan.kadavy@mendelu.cz<\/a><\/li>\n<li>Ing. Michal Kneifl, Ph.D. &#8211; <a href=\"mailto:michal.kneifl@mendelu.cz\">michal.kneifl@mendelu.cz<\/a><\/li>\n<li>Ing. Barbora Uherkov\u00e1, Ph.D. &#8211; <a href=\"mailto:barbora.uherkova@mendelu.cz\">barbora.uherkova@mendelu.cz<\/a><\/li>\n<\/ul>\n<\/div>\n","protected":false},"excerpt":{"rendered":"<p>E &#8211; maily na va\u0161e vyu\u010duj\u00edc\u00ed: Doc. Dr. Ing. Jan Kadav\u00fd\u00a0 &#8211; jan.kadavy@mendelu.cz Ing. Michal Kneifl, Ph.D. &#8211; michal.kneifl@mendelu.cz Ing. Barbora Uherkov\u00e1, Ph.D. &#8211; barbora.uherkova@mendelu.cz<\/p>\n","protected":false},"author":4,"featured_media":0,"parent":0,"menu_order":9,"comment_status":"closed","ping_status":"closed","template":"","meta":{"zakra_page_container_layout":"customizer","zakra_page_sidebar_layout":"customizer","zakra_remove_content_margin":false,"zakra_sidebar":"customizer","zakra_transparent_header":"customizer","zakra_logo":0,"zakra_main_header_style":"default","zakra_menu_item_color":"","zakra_menu_item_hover_color":"","zakra_menu_item_active_color":"","zakra_menu_active_style":"","zakra_page_header":true,"footnotes":""},"class_list":["post-227","page","type-page","status-publish","hentry"],"_links":{"self":[{"href":"https:\/\/hul2.mendelu.cz\/index.php?rest_route=\/wp\/v2\/pages\/227","targetHints":{"allow":["GET"]}}],"collection":[{"href":"https:\/\/hul2.mendelu.cz\/index.php?rest_route=\/wp\/v2\/pages"}],"about":[{"href":"https:\/\/hul2.mendelu.cz\/index.php?rest_route=\/wp\/v2\/types\/page"}],"author":[{"embeddable":true,"href":"https:\/\/hul2.mendelu.cz\/index.php?rest_route=\/wp\/v2\/users\/4"}],"replies":[{"embeddable":true,"href":"https:\/\/hul2.mendelu.cz\/index.php?rest_route=%2Fwp%2Fv2%2Fcomments&post=227"}],"version-history":[{"count":5,"href":"https:\/\/hul2.mendelu.cz\/index.php?rest_route=\/wp\/v2\/pages\/227\/revisions"}],"predecessor-version":[{"id":2566,"href":"https:\/\/hul2.mendelu.cz\/index.php?rest_route=\/wp\/v2\/pages\/227\/revisions\/2566"}],"wp:attachment":[{"href":"https:\/\/hul2.mendelu.cz\/index.php?rest_route=%2Fwp%2Fv2%2Fmedia&parent=227"}],"curies":[{"name":"wp","href":"https:\/\/api.w.org\/{rel}","templated":true}]}}