{"id":2746,"date":"2023-10-13T04:46:52","date_gmt":"2023-10-13T03:46:52","guid":{"rendered":"https:\/\/hul2.mendelu.cz\/?page_id=2746"},"modified":"2025-10-22T07:31:24","modified_gmt":"2025-10-22T06:31:24","slug":"skupiny-studentu-pro-blokova-cviceni-vcetne-cviceni-hlavnich","status":"publish","type":"page","link":"https:\/\/hul2.mendelu.cz\/?page_id=2746","title":{"rendered":"Skupiny student\u016f pro blokov\u00e1 cvi\u010den\u00ed, v\u010detn\u011b cvi\u010den\u00ed hlavn\u00edch"},"content":{"rendered":"\n<p>Rozd\u011blen\u00ed student\u016f do pracovn\u00edch skupin, v\u010detn\u011b p\u0159i\u0159azen\u00ed adekv\u00e1tn\u00ed oblasti z\u00e1jmu, \u010d\u00edsla autobusu <br>a doporu\u010den\u00e9 zast\u00e1vky MHD:<\/p>\n\n\n\n<figure class=\"wp-block-table\"><table><tbody><tr><td>SKUPINA<\/td><td>JM\u00c9NO<\/td><td>OBLAST<\/td><td>BUS<\/td><td>ZAST\u00c1VKA MHD<\/td><\/tr><tr><td><strong>1<\/strong><\/td><td>Ber\u00e1nek Martin, Bc.<\/td><td><strong>Zadn\u00ed H\u00e1dy<\/strong><\/td><td>201<\/td><td>Na Sp\u00e1leni\u0161ti<\/td><\/tr><tr><td>1<\/td><td>Krejzl \u0160t\u011bp\u00e1n, Bc.<\/td><td>&nbsp;<\/td><td>&nbsp;<\/td><td>&nbsp;<\/td><\/tr><tr><td>1<\/td><td>L\u00f6ffelmann Jakub, Bc.<\/td><td>&nbsp;<\/td><td>&nbsp;<\/td><td>&nbsp;<\/td><\/tr><tr><td>1<\/td><td>Petr Patrik, Bc.<\/td><td>&nbsp;<\/td><td>&nbsp;<\/td><td>&nbsp;<\/td><\/tr><tr><td>1<\/td><td>\u0160eda Jaroslav, Bc.<\/td><td>&nbsp;<\/td><td>&nbsp;<\/td><td>&nbsp;<\/td><\/tr><tr><td><strong>2<\/strong><\/td><td>Hlobil Tom\u00e1\u0161, Bc.<\/td><td><strong>Coufav\u00e1<\/strong><\/td><td>57<\/td><td>\u00dat\u011bchov<\/td><\/tr><tr><td>2<\/td><td>Ku\u0161ka Michal, Bc.<\/td><td>&nbsp;<\/td><td>&nbsp;<\/td><td>&nbsp;<\/td><\/tr><tr><td>2<\/td><td>N\u011bmec Ond\u0159ej, Bc.<\/td><td>&nbsp;<\/td><td>&nbsp;<\/td><td>&nbsp;<\/td><\/tr><tr><td>2<\/td><td>Popel\u00e1k Jan, Bc.<\/td><td>&nbsp;<\/td><td>&nbsp;<\/td><td>&nbsp;<\/td><\/tr><tr><td>2<\/td><td>Proch\u00e1zkov\u00e1 Anna, Bc.<\/td><td>&nbsp;<\/td><td>&nbsp;<\/td><td>&nbsp;<\/td><\/tr><tr><td><strong>3<\/strong><\/td><td>Fab\u00edk Jakub, Bc.<\/td><td><strong>\u010cihadlo<\/strong><\/td><td>210<\/td><td>Babice nad Svitavou<\/td><\/tr><tr><td>3<\/td><td>Hled\u00edkov\u00e1 Kate\u0159ina, Bc.<\/td><td>&nbsp;<\/td><td>&nbsp;<\/td><td>&nbsp;<\/td><\/tr><tr><td>3<\/td><td>L\u00edzalov\u00e1 Hana, Bc.<\/td><td>&nbsp;<\/td><td>&nbsp;<\/td><td>&nbsp;<\/td><\/tr><tr><td>3<\/td><td>Ml\u010doch Ond\u0159ej, Bc.<\/td><td>&nbsp;<\/td><td>&nbsp;<\/td><td>&nbsp;<\/td><\/tr><tr><td>3<\/td><td>Stoiber Daniel, Bc.<\/td><td>&nbsp;<\/td><td>&nbsp;<\/td><td>&nbsp;<\/td><\/tr><tr><td><strong>4<\/strong><\/td><td>Kosov\u00e1 Tereza, Bc.<\/td><td><strong>B\u0159ezinka<\/strong><\/td><td>201<\/td><td>B\u0159ezina, T\u00e1borsk\u00e1<\/td><\/tr><tr><td>4<\/td><td>N\u011bmec Ji\u0159\u00ed, Bc.<\/td><td>&nbsp;<\/td><td>&nbsp;<\/td><td>&nbsp;<\/td><\/tr><tr><td>4<\/td><td>Viktorin Filip, Bc.<\/td><td>&nbsp;<\/td><td>&nbsp;<\/td><td>&nbsp;<\/td><\/tr><tr><td>4<\/td><td>Zeman Adam, Bc.<\/td><td>&nbsp;<\/td><td>&nbsp;<\/td><td>&nbsp;<\/td><\/tr><tr><td>4<\/td><td><\/td><td>&nbsp;<\/td><td>&nbsp;<\/td><td>&nbsp;<\/td><\/tr><tr><td><strong>5<\/strong><\/td><td>Filipov\u00e1 Anna, Bc.<\/td><td><strong>U Brn\u011bnky<\/strong><\/td><td>201<\/td><td>Velk\u00e1 Klajdovka<\/td><\/tr><tr><td>5<\/td><td>Lacman Radek, Bc.<\/td><td>&nbsp;<\/td><td>&nbsp;<\/td><td>&nbsp;<\/td><\/tr><tr><td>5<\/td><td>Musilov\u00e1 Karol\u00edna, Bc.<\/td><td>&nbsp;<\/td><td>&nbsp;<\/td><td>&nbsp;<\/td><\/tr><tr><td>5<\/td><td>Pur Jan, Bc.<\/td><td>&nbsp;<\/td><td>&nbsp;<\/td><td>&nbsp;<\/td><\/tr><tr><td>5<\/td><td>.<\/td><td>&nbsp;<\/td><td>&nbsp;<\/td><td>&nbsp;<\/td><\/tr><tr><td><strong>6<\/strong><\/td><td><\/td><td><\/td><td><\/td><td><\/td><\/tr><tr><td>6<\/td><td><\/td><td>&nbsp;<\/td><td>&nbsp;<\/td><td>&nbsp;<\/td><\/tr><tr><td>6<\/td><td><\/td><td>&nbsp;<\/td><td>&nbsp;<\/td><td>&nbsp;<\/td><\/tr><tr><td>6<\/td><td><\/td><td>&nbsp;<\/td><td>&nbsp;<\/td><td>&nbsp;<\/td><\/tr><tr><td>6<\/td><td><\/td><td>&nbsp;<\/td><td>&nbsp;<\/td><td>&nbsp;<\/td><\/tr><\/tbody><\/table><\/figure>\n","protected":false},"excerpt":{"rendered":"<p>Rozd\u011blen\u00ed student\u016f do pracovn\u00edch skupin, v\u010detn\u011b p\u0159i\u0159azen\u00ed adekv\u00e1tn\u00ed oblasti z\u00e1jmu, \u010d\u00edsla autobusu a doporu\u010den\u00e9 zast\u00e1vky MHD: SKUPINA JM\u00c9NO OBLAST BUS ZAST\u00c1VKA MHD 1 Ber\u00e1nek Martin, Bc. Zadn\u00ed H\u00e1dy 201 Na Sp\u00e1leni\u0161ti 1 Krejzl \u0160t\u011bp\u00e1n, Bc. &nbsp; &nbsp; &nbsp; 1 L\u00f6ffelmann Jakub, Bc. &nbsp; &nbsp; &nbsp; 1 Petr Patrik, Bc. &nbsp; &nbsp; &nbsp; 1 \u0160eda Jaroslav, [&hellip;]<\/p>\n","protected":false},"author":4,"featured_media":0,"parent":76,"menu_order":0,"comment_status":"closed","ping_status":"closed","template":"","meta":{"zakra_page_container_layout":"customizer","zakra_page_sidebar_layout":"customizer","zakra_remove_content_margin":false,"zakra_sidebar":"customizer","zakra_transparent_header":"customizer","zakra_logo":0,"zakra_main_header_style":"default","zakra_menu_item_color":"","zakra_menu_item_hover_color":"","zakra_menu_item_active_color":"","zakra_menu_active_style":"","zakra_page_header":true,"footnotes":""},"class_list":["post-2746","page","type-page","status-publish","hentry"],"_links":{"self":[{"href":"https:\/\/hul2.mendelu.cz\/index.php?rest_route=\/wp\/v2\/pages\/2746","targetHints":{"allow":["GET"]}}],"collection":[{"href":"https:\/\/hul2.mendelu.cz\/index.php?rest_route=\/wp\/v2\/pages"}],"about":[{"href":"https:\/\/hul2.mendelu.cz\/index.php?rest_route=\/wp\/v2\/types\/page"}],"author":[{"embeddable":true,"href":"https:\/\/hul2.mendelu.cz\/index.php?rest_route=\/wp\/v2\/users\/4"}],"replies":[{"embeddable":true,"href":"https:\/\/hul2.mendelu.cz\/index.php?rest_route=%2Fwp%2Fv2%2Fcomments&post=2746"}],"version-history":[{"count":5,"href":"https:\/\/hul2.mendelu.cz\/index.php?rest_route=\/wp\/v2\/pages\/2746\/revisions"}],"predecessor-version":[{"id":2920,"href":"https:\/\/hul2.mendelu.cz\/index.php?rest_route=\/wp\/v2\/pages\/2746\/revisions\/2920"}],"up":[{"embeddable":true,"href":"https:\/\/hul2.mendelu.cz\/index.php?rest_route=\/wp\/v2\/pages\/76"}],"wp:attachment":[{"href":"https:\/\/hul2.mendelu.cz\/index.php?rest_route=%2Fwp%2Fv2%2Fmedia&parent=2746"}],"curies":[{"name":"wp","href":"https:\/\/api.w.org\/{rel}","templated":true}]}}