{"id":2909,"date":"2025-09-29T13:12:04","date_gmt":"2025-09-29T12:12:04","guid":{"rendered":"https:\/\/hul2.mendelu.cz\/?page_id=2909"},"modified":"2025-10-27T15:53:29","modified_gmt":"2025-10-27T14:53:29","slug":"skupinove-zadani-zkraceneho-ideoveho-planu-elaboratu-z-predmetu-integrativni-hospodarska-uprava-lesu-kombinovana-forma","status":"publish","type":"page","link":"https:\/\/hul2.mendelu.cz\/?page_id=2909","title":{"rendered":"Skupinov\u00e9 zad\u00e1n\u00ed &#8222;Zkr\u00e1cen\u00e9ho ideov\u00e9ho pl\u00e1nu&#8220; elabor\u00e1tu z p\u0159edm\u011btu Integrativn\u00ed hospod\u00e1\u0159sk\u00e1 \u00faprava les\u016f &#8211; kombinovan\u00e1 forma"},"content":{"rendered":"\n<p>P\u0159edpokl\u00e1d\u00e1me zpracov\u00e1n\u00ed a odevzd\u00e1n\u00ed elabor\u00e1tu, kter\u00fd se bude skl\u00e1dat z \u010d\u00e1sti textov\u00e9 a tabulkov\u00e9. Tituln\u00ed list elabor\u00e1tu bude mj. obsahovat v\u00fd\u010det jmen a p\u0159\u00edjmen\u00ed \u010dlen\u016f skupiny, vlastn\u00ed textov\u00e1 \u010d\u00e1st elabor\u00e1tu bude obsahovat max. 5 stran textu (po\u010d\u00edt\u00e1no bez tabulkov\u00fdch a grafick\u00fdch). Elabor\u00e1t bude odevzd\u00e1n ve form\u00e1tu Adobe Acrobat (*.pdf). Sou\u010d\u00e1st\u00ed elabor\u00e1tu bude jeho MS PowerPoint (*.pptx) p\u0159\u00edloha, kterou skupina odprezentuje vlastn\u00ed elabor\u00e1t (posledn\u00ed blok v\u00fduky cvi\u010den\u00ed).<\/p>\n\n\n\n<p>Doporu\u010den\u00e1 osnova a n\u00e1zvy jednotliv\u00fdch blok\u016f \u2013 kapitol elabor\u00e1tu:<\/p>\n\n\n\n<p><strong>A. Vyhodnocen\u00ed dat po\u0159\u00edzen\u00fdch v aplikaci i+ Trainer na marteloskopu Pokojn\u00e1 hora<\/strong><\/p>\n\n\n\n<p>Pro va\u0161i variantu z\u00e1sahu na marteloskopu Pokojn\u00e1 hora srovnejte a vhodn\u011b (nap\u0159. statisticky) vyhodno\u0165te \u00fasp\u011b\u0161nost v\u00e1mi vyzna\u010den\u00e9ho z\u00e1sahu s ohledem na preferovanou ekosyst\u00e9movou slu\u017ebu:<\/p>\n\n\n\n<p>1. produkce a ekonomika (objem hmoty navr\u017een\u00e9 k&nbsp;t\u011b\u017eb\u011b vs. ekonomick\u00e1 hodnota ponechan\u00e9ho porostu),<\/p>\n\n\n\n<p>2. biodiverzita (ekologick\u00e1 hodnota vyt\u011b\u017een\u00e1 versus ponechan\u00e1),<\/p>\n\n\n\n<p>3. kombinace produkce a biodiverzity (vyv\u00e1\u017een\u00ed produkce a biodiverzity) \u2013 na z\u00e1klad\u011b v\u00fdsledk\u016f v\u0161ech skupin navrhn\u011bte optim\u00e1ln\u00ed po\u010det ponech\u00e1van\u00fdch habitatov\u00fdch strom\u016f jako kompromis mezi ekonomick\u00fdmi z\u00e1jmy vlastn\u00edka a podporou biodiverzity<\/p>\n\n\n\n<p><strong>B. Vyhodnocen\u00ed dat po\u0159\u00edzen\u00fdch v aplikaci i+ Trainer na marteloskopu U l\u00edpy<\/strong><\/p>\n\n\n\n<p>Na z\u00e1klad\u011b v\u00fdsledk\u016f va\u0161eho vyzna\u010dov\u00e1n\u00ed vhodn\u011b slovn\u011b a tabulkov\u011b, p\u0159\u00edpadn\u011b grafy vyhodno\u0165te, jak se v\u00e1mi navr\u017een\u00fd z\u00e1sah li\u0161\u00ed od z\u00e1sahu optim\u00e1ln\u00edho<\/p>\n\n\n\n<p><strong>C. N\u00e1vrh optim\u00e1ln\u00ed varianty integrace prvk\u016f ochrany p\u0159\u00edrody do hospod\u00e1\u0159sk\u00e9ho lesa (status HOSP)<\/strong> \u2013 v\u00fdsledkem bude integrativn\u00ed r\u00e1mcov\u00e1 sm\u011brnice hospoda\u0159en\u00ed s\u00a0n\u00e1vrhem lesnick\u00e9ho managementu integruj\u00edc\u00edho produk\u010dn\u00ed a ekologick\u00e9 hledisko.<\/p>\n\n\n\n<p>doc. Dr. Ing. Jan Kadav\u00fd<\/p>\n\n\n\n<p>V Brn\u011b dne 29.9.2025<\/p>\n","protected":false},"excerpt":{"rendered":"<p>P\u0159edpokl\u00e1d\u00e1me zpracov\u00e1n\u00ed a odevzd\u00e1n\u00ed elabor\u00e1tu, kter\u00fd se bude skl\u00e1dat z \u010d\u00e1sti textov\u00e9 a tabulkov\u00e9. Tituln\u00ed list elabor\u00e1tu bude mj. obsahovat v\u00fd\u010det jmen a p\u0159\u00edjmen\u00ed \u010dlen\u016f skupiny, vlastn\u00ed textov\u00e1 \u010d\u00e1st elabor\u00e1tu bude obsahovat max. 5 stran textu (po\u010d\u00edt\u00e1no bez tabulkov\u00fdch a grafick\u00fdch). Elabor\u00e1t bude odevzd\u00e1n ve form\u00e1tu Adobe Acrobat (*.pdf). Sou\u010d\u00e1st\u00ed elabor\u00e1tu bude jeho MS PowerPoint [&hellip;]<\/p>\n","protected":false},"author":4,"featured_media":0,"parent":0,"menu_order":0,"comment_status":"closed","ping_status":"closed","template":"","meta":{"zakra_page_container_layout":"customizer","zakra_page_sidebar_layout":"customizer","zakra_remove_content_margin":false,"zakra_sidebar":"customizer","zakra_transparent_header":"customizer","zakra_logo":0,"zakra_main_header_style":"default","zakra_menu_item_color":"","zakra_menu_item_hover_color":"","zakra_menu_item_active_color":"","zakra_menu_active_style":"","zakra_page_header":true,"footnotes":""},"class_list":["post-2909","page","type-page","status-publish","hentry"],"_links":{"self":[{"href":"https:\/\/hul2.mendelu.cz\/index.php?rest_route=\/wp\/v2\/pages\/2909","targetHints":{"allow":["GET"]}}],"collection":[{"href":"https:\/\/hul2.mendelu.cz\/index.php?rest_route=\/wp\/v2\/pages"}],"about":[{"href":"https:\/\/hul2.mendelu.cz\/index.php?rest_route=\/wp\/v2\/types\/page"}],"author":[{"embeddable":true,"href":"https:\/\/hul2.mendelu.cz\/index.php?rest_route=\/wp\/v2\/users\/4"}],"replies":[{"embeddable":true,"href":"https:\/\/hul2.mendelu.cz\/index.php?rest_route=%2Fwp%2Fv2%2Fcomments&post=2909"}],"version-history":[{"count":2,"href":"https:\/\/hul2.mendelu.cz\/index.php?rest_route=\/wp\/v2\/pages\/2909\/revisions"}],"predecessor-version":[{"id":2924,"href":"https:\/\/hul2.mendelu.cz\/index.php?rest_route=\/wp\/v2\/pages\/2909\/revisions\/2924"}],"wp:attachment":[{"href":"https:\/\/hul2.mendelu.cz\/index.php?rest_route=%2Fwp%2Fv2%2Fmedia&parent=2909"}],"curies":[{"name":"wp","href":"https:\/\/api.w.org\/{rel}","templated":true}]}}